t - 57. Let u be k(6). Let v(f) = u + 8*f**2 + f - 31*f**3 - 10*f**2 + 30*f**3. Calculate v(-3).
9
Let r(x) = -x + 6. Suppose -3*w + 2*b + 18 = 0, 4*w + 3*b - 4 - 3 = 0. Let d(y) = y**2 - 8*y + 20. Let h be d(w). Calculate r(h).
2
Let t be 8 + (-4 - (0 - 2)). Suppose 1 = 5*h - t*h. Let m(v) be the second derivative of -v**5/20 + v**4/12 + v**3/6 + v**2/2 - 24*v. Give m(h).
2
Suppose 7*v + 10 = 12*v. Let u(t) = -4*t + 3*t**2 + 1 + 0*t**2 - 2*t**3 + t**3. Let i(q) = -q**3 + 3*q**2 - 5*q. Let j(a) = -2*i(a) + 3*u(a). What is j(v)?
3
Let t be (16/(-14))/(28/(-98)). Let s(o) = 2*o - 3. Calculate s(t).
5
Let k(m) be the third derivative of m**6/60 - m**5/20 - m**4/24 + m**3/6 + 227*m**2. Give k(3).
25
Let o(h) = h**3 - 3*h**2 - 2*h + 4. Let n = 62 + -41. Let z = n + -18. Determine o(z).
-2
Let j be (7 + 0)*((-242)/(-22) + -12). Let z(x) = x + 7 + 0 + 6. Determine z(j).
6
Let i(s) be the first derivative of 0*s - 1/3*s**3 + 3*s**2 - 12. Determine i(6).
0
Let y be 14/(-4) - (175/(-14) - -10). Let z(h) = 9*h**2 + 6*h - 6. Let j(k) = k**2 + k - 1. Let s(r) = 6*j(r) - z(r). Give s(y).
-3
Let d = 52 - 58. Let a(s) = -3 + 3 + 2*s. Give a(d).
-12
Let h = -86 + 75. Let o(z) = -z**3 - 12*z**2 - 10*z + 9. Give o(h).
-2
Let h(q) = q**2 - 7*q. Let i(b) = -2*b + 20. Let u be i(14). Let m(l) = l**3 + 7*l**2 - 7*l + 11. Let g be m(u). Suppose g*o - 12 = o. Give h(o).
-6
Suppose -22*a = 9*a - 186. Let n(i) = -i + 6. Determine n(a).
0
Let w(y) = 6*y**2 + 4*y + 3. Let j(x) = x**2 + x + 1. Let g(l) = 5*j(l) - w(l). What is g(-2)?
-4
Let t(m) = -977*m**2 - 972*m**2 - 5*m + 1948*m**2 + 4. Let f be (-1)/((-1)/1) - 6. What is t(f)?
4
Suppose 5*f + 5*t + 10 + 15 = 0, 0 = 3*f - t - 1. Let u(x) = 7*x - 2. What is u(f)?
-9
Let h(k) = k**3 - 6*k**2 + 6*k - 5. Let l(z) = z**2 - 3*z - 5. Let x be (-2)/4*210/(-21). Let a be l(x). Determine h(a).
0
Let l(q) be the second derivative of q**5/120 - 5*q**4/24 - 5*q**3/6 + 14*q. Let y(d) be the second derivative of l(d). What is y(-6)?
-11
Suppose 7*k + 30 = 9*k. Let q(z) be the second derivative of z**3/6 - 8*z**2 - 39*z + 2. Give q(k).
-1
Let a(y) = -5*y**2 - 7*y - 18. Let z(d) = 4*d**2 + 8*d + 17. Let v(j) = -3*a(j) - 4*z(j). What is v(-10)?
-4
Let l(y) = -2*y - 6. Let g(x) = x + 3. Let r(p) = -4*g(p) - 3*l(p). What is r(-5)?
-4
Let w(u) be the second derivative of 5*u**4/12 + u**3/6 - 3*u**2 + 8*u. Suppose -3 = -0*s - s. Let i(t) = 4*t**2 - 5. Let k(l) = s*i(l) - 2*w(l). What is k(3)?
9
Let n(a) be the second derivative of -a**4/12 - a**3/6 - 20*a**2 + 8*a - 8. What is n(0)?
-40
Let b = 20 - 18. Let n be (b - 1) + 4/(-4). Let r(w) = w**2 + w. Calculate r(n).
0
Let h(k) = 2*k**2 - 2*k - 1. Let p(l) = -l + 8. Let n(t) = t**3 + 7*t**2 - 11*t - 4. Let a be n(-8). Let j = a - 10. Let m be p(j). Calculate h(m).
11
Suppose -38*d = -2*x - 41*d + 7, -4*x = -2*d - 22. Let p(c) = -c**3 + 5*c**2 - 4. Determine p(x).
-4
Let i be 1/((-3)/(-27)) + -1. Let o(s) = i*s + 14*s**2 - s + 7*s**2 + 2 - 14*s**2 + s**3. Suppose 5*f + 19 - 1 = 4*z, -4*f + 4*z - 12 = 0. Give o(f).
-4
Let m(q) = -q**3 + 6*q**2 + 6*q + 5. Let n be (0/1)/(13/((-78)/18)). Suppose -4*p + 1 = -2*z + z, n = -4*z + p + 26. Determine m(z).
-2
Suppose 3*l - 2 = 1. Let n(f) = 0 + 6 - l - f - 3. Determine n(-6).
8
Let p(x) = 6*x**3 - 4*x**2 + 3*x. Let r be p(1). Let w(h) = -h**3 + 6*h**2 - h - 11. What is w(r)?
9
Let f(x) be the third derivative of -x**4/12 - 2*x**3 + 332*x**2. What is f(-7)?
2
Let j(b) be the first derivative of b**2/2 + 23. Let w = -8 + 13. Suppose -w*l - 10 = 5*k, -3*l = 3*k - 2*l + 14. Give j(k).
-6
Let i(z) = z - 4*z + 4*z. Determine i(8).
8
Let k(w) = 2*w**3 + w**2 + w - 1. Let d(b) = -3*b**3 - 4*b**2 - 2*b + 6. Let t(l) = -d(l) - 2*k(l). What is t(3)?
-13
Let u be 10/2 - (1 + -2). Suppose 19 = -k - 4*t, -6*k - 2*t = -2*k + u. Suppose -q - 2 = -k. Let z(m) = -3*m**2 - m - 1. What is z(q)?
-3
Let v(d) = 2*d**2 - d - 23. Let p be v(4). Let a(m) = 2*m + 5. Give a(p).
15
Let t be (6/(-9))/(-2)*6. Suppose 0 = x + 1 - t. Let a(l) be the first derivative of l**2 + 3. Calculate a(x).
2
Let d(w) = -8*w**2 + w + 1. Let f be d(1). Let p be 6/(-2) + 4 + f/(-2). Let n(i) = i**3 - 4*i**2 - 2*i + 1. Give n(p).
-7
Let r(j) = j**2 - 6*j - 3. Let f(m) = m. Let d(z) = -6*f(z) - r(z). Give d(0).
3
Let h(m) = -2*m - 4*m**2 - 2 + 3 + 9*m**2. Suppose -3*k + 6*p = p - 23, 0 = 2*k + 2*p + 6. What is h(k)?
4
Let w(h) = -4*h - 1. Let d(c) = -c. Let l(a) = -3*d(a) + w(a). Let o be (-75)/(-18) - (-1)/(-6). Suppose t = o*t - 18. Determine l(t).
-7
Let n be (-113)/(-11) - (-93)/(-341). Let f(k) = 4*k - 37. What is f(n)?
3
Let f(t) = t**2 + 7*t. Suppose -5*q - 44 = p, 28 = 8*q - 13*q + 3*p. Give f(q).
8
Let p(a) = a**2 - 15*a + 30. Let l be p(12). Let y(v) = v**2 + 7*v + 10. Determine y(l).
4
Suppose -129 = -5*v - 3*h, -3*h = v + 15 - 48. Suppose -27*r + 48 = -v*r. Let u(m) = -12 - r - m + 18. Determine u(-6).
-4
Let y be 3*(4/14)/(12/(-28)). Let r(s) = 2*s**2 - s + 1. Let c be r(1). Let x(o) = 4*o**3 - 3*o**3 + c*o**2 + o**2 - 1 + 2*o. Give x(y).
-1
Let m(z) = z**3 + 9*z**2 - 11*z - 11. Let u(x) = 18*x - 4. Let s be u(3). Suppose 19*b + s = 14*b. Calculate m(b).
-1
Suppose -n - m + 2 = 3*n, -5 = 5*n + 5*m. Let g(a) = a**2 + 2*a**2 - 2*a**2 - n - 12*a + 11*a. What is g(3)?
5
Let f(h) = h - 4. Let i = 41 - 38. Suppose -i*z - 60 = -48. What is f(z)?
-8
Suppose 0*f - f = -3. Let n(h) = -1 + f*h + h - 5*h. Let v = 101 - 101. Give n(v).
-1
Let t(q) = q**2. Let k(b) = 2*b**2 - b + 1. Let n be k(3). Let v = -1 + -12. Let l = n + v. Determine t(l).
9
Let t(r) be the second derivative of -17*r + 0*r**2 - 7/6*r**3 + 0. Determine t(1).
-7
Let u(g) be the second derivative of -g**4/8 - g**3/6 - 20*g**2 - 3*g + 11. Let o(h) be the first derivative of u(h). Calculate o(2).
-7
Let i(m) = m**2 + 3*m + 6. Let s be (-5 - -4 - 1) + (-3 - 91). Let w = 92 + s. Give i(w).
10
Suppose 14 = 2*g - 0*g. Let a(m) = -m**2 + 8*m - 8. Calculate a(g).
-1
Let w(y) = -y - 2. Suppose 0 = 2*j - 12 - 0. Calculate w(j).
-8
Let a(r) = -r**2 + r + 2. Let i be a(0). Let t be (-8)/i + (-8 - -8). Let m(o) be the second derivative of -o**3/6 - 5*o**2/2 + 9*o. Determine m(t).
-1
Let x(q) = q - 3. Let i(p) = -p + 2. Let f(v) = -3*i(v) - 2*x(v). Suppose 5*r + 2*r = -42. Let y(u) = -u**3 - 6*u**2 + 2*u + 6. Let s be y(r). Determine f(s).
-6
Let y(a) = -3*a**2 - 1. Let g be y(-1). Let u(n) = n**3 + 5*n**2 - 11*n - 6. Let q be u(-5). Let d(m) = 7*m - 24 + q - 4*m - 19. What is d(g)?
-6
Let y(n) = -n**2 - 5*n. Let q(b) = -2*b. Let p(f) = -5*q(f) + 2*y(f). Let m be p(1). Let o(j) = 0 - j**2 - 642*j + 1285*j - 646*j - 2. Determine o(m).
0
Suppose -3*c - 9 = 6, -13 = 3*y - c. Let p(n) = -n**3 - 7*n**2 - 5*n + 2. Determine p(y).
-4
Let r(w) be the second derivative of 1/2*w**2 + w - 1/20*w**5 + 0*w**3 + 0 - 1/3*w**4. Suppose 8 = 3*n - 4*m, 15 = 10*n - 15*n + m. What is r(n)?
1
Let u = 5 - -10. Suppose -5*i + 6 = -3*b, 3*b - i = 5 + 1. Let c(d) = -36 + b*d + u + 17. Give c(4).
8
Let b(c) = c**2 + 2*c. Let s(v) = -2*v - 2. Let h(a) = -b(a) - s(a). Give h(0).
2
Suppose 0 = -5*r + i - 26 + 12, 0 = -r - 3*i - 6. Let n(b) = -b**3 - 3*b**2 + 5*b + 4. What is n(r)?
-11
Let f(u) = 7*u - 3*u**2 + u**2 - 105 + 109. Determine f(7).
-45
Let y(z) = -3*z - 4. Let w be (0 - (-1)/(-2))*(-1 - 9). Suppose t = -w + 1. Give y(t).
8
Suppose -d = -0*c - 3*c + 12, d - 20 = -5*c. Let y(b) = 13*b. What is y(c)?
52
Let m(h) = -8*h - 18*h - 16*h - 6 + 43*h. Calculate m(-4).
-10
Let l(t) = -t + 2. Let r(n) = -7*n**3 + 17*n**2 + 8*n**3 - 2*n**3 - 25 + 18*n. Let a be r(18). Let q = a - -30. Determine l(q).
-3
Let s(v) = -v**2 + 8*v - 2. Let h = 33 + -31. Suppose 4*l - h*b = 34, 2*l - 2*b - 26 = 2*b. What is s(l)?
5
Let y(a) be the third derivative of -a**6/120 - a**5/10 - a**4/4 - 5*a**3/6 - 4*a**2. Let q be 10/(-4)*19/(95/12). What is y(q)?
31
Let f(x) be the second derivative of -x**5/20 - 5*x**4/12 - x**3/2 + 3*x**2/2 + x + 27. Let r = -12 - -9. Calculate f(r).
-6
Suppose 0 = -5*c - 39 + 44. Suppose z - 7 = c. Let y(m) = -m**2 + 7*m + 9. Give y(z).
1
Let c(y) = -4*y**3 + 5*y**2 - y - 5. Let x(d) = d**3 + d. Let k(m) = c(m) + 3*x(m). Suppose 1 = 2*l - 1. Let a be (-2 + l)*(-20)/4. Give k(a).
5
Let h(q) be the third derivative of q**6/120 + 7*q**5/60 + q**4/12 + 5*q**3/3 - 1